d 60.
30
What is the greatest common factor of 44764 and 242212?
76
Calculate the greatest common factor of 926432910 and 3510.
3510
Calculate the highest common divisor of 731214 and 1674.
54
What is the greatest common divisor of 145491074 and 526?
526
Calculate the greatest common divisor of 600688 and 6968.
8
What is the highest common factor of 563087475 and 15255?
5085
What is the greatest common divisor of 10605223 and 70871?
541
What is the highest common factor of 2297825 and 10400?
25
What is the highest common divisor of 123318 and 4260516?
2418
Calculate the highest common factor of 3573 and 2651960.
397
Calculate the greatest common factor of 756 and 144655.
7
What is the greatest common factor of 10989000 and 225225?
2475
Calculate the highest common factor of 1943786 and 988.
26
Calculate the greatest common divisor of 10541225 and 4542.
757
What is the highest common factor of 194164398 and 177?
177
Calculate the highest common divisor of 11168 and 8027.
349
Calculate the highest common divisor of 30024 and 1109592.
216
Calculate the greatest common divisor of 6320 and 43632.
16
Calculate the greatest common factor of 1737 and 355411623.
579
What is the greatest common factor of 5976 and 65704?
8
Calculate the greatest common divisor of 4968 and 1861434.
54
What is the greatest common divisor of 1970 and 28531904?
394
What is the highest common factor of 16667920 and 4183?
89
Calculate the greatest common factor of 1419484 and 693.
11
What is the highest common factor of 2282664847 and 16598?
8299
Calculate the highest common factor of 53272 and 100240.
8
Calculate the greatest common divisor of 90 and 6790335.
15
Calculate the greatest common divisor of 287 and 144219509.
287
What is the greatest common divisor of 1903659642 and 6?
6
Calculate the highest common factor of 3 and 51743151.
3
What is the greatest common divisor of 28600 and 9777625?
3575
What is the highest common divisor of 9588 and 94044?
204
Calculate the highest common divisor of 36 and 80310186.
18
What is the highest common divisor of 1530 and 17631090?
90
What is the greatest common divisor of 16126335 and 1403?
23
What is the greatest common factor of 700020 and 90?
90
What is the greatest common divisor of 90929 and 1073883?
1151
Calculate the greatest common divisor of 2029165 and 250.
5
Calculate the greatest common divisor of 174069 and 289422.
63
Calculate the greatest common divisor of 11848 and 288.
8
Calculate the greatest common factor of 161951 and 173950.
71
Calculate the highest common divisor of 17338672 and 682.
62
What is the highest common divisor of 1932 and 75091044?
1932
Calculate the highest common divisor of 2632 and 5160176.
56
Calculate the greatest common divisor of 1834368 and 3035520.
6528
What is the greatest common factor of 77212 and 149283?
97
Calculate the greatest common divisor of 75515 and 159082645.
6865
Calculate the highest common divisor of 2448 and 3846743.
17
What is the highest common factor of 2345 and 10910305?
35
Calculate the highest common divisor of 51 and 5165871549.
51
Calculate the greatest common factor of 47580 and 12320475.
915
What is the greatest common factor of 56201705 and 2590?
1295
What is the greatest common factor of 84970910 and 110?
10
Calculate the highest common divisor of 24028 and 169475491.
6007
What is the highest common factor of 2388899 and 1?
1
Calculate the greatest common divisor of 113045 and 8740.
115
Calculate the highest common factor of 1263 and 24581769.
1263
What is the highest common divisor of 315959 and 8?
1
Calculate the greatest common factor of 38703 and 657369.
291
What is the greatest common divisor of 2840115437 and 31?
31
What is the greatest common factor of 11174 and 2413282?
302
Calculate the greatest common divisor of 11023 and 1005137.
73
Calculate the greatest common divisor of 131 and 319733.
1
What is the highest common factor of 10150950 and 60?
30
Calculate the greatest common divisor of 3860600 and 2500.
100
Calculate the highest common factor of 340472 and 110.
22
What is the greatest common factor of 538993400 and 400?
200
Calculate the greatest common divisor of 3287 and 135312642.
3287
Calculate the greatest common factor of 1704906 and 55958.
98
Calculate the highest common divisor of 234462 and 12006.
138
What is the highest common divisor of 633 and 5252212?
211
Calculate the highest common factor of 223398 and 83034.
126
Calculate the greatest common factor of 90 and 2984890.
10
What is the greatest common divisor of 602 and 133321156?
86
Calculate the greatest common divisor of 135 and 598785435.
45
What is the highest common divisor of 3555522866 and 14?
14
What is the greatest common factor of 81 and 84684609?
81
Calculate the highest common factor of 27614314 and 273.
91
What is the highest common factor of 307393 and 75466?
97
What is the highest common factor of 2 and 172969262?
2
What is the highest common factor of 210683 and 1089?
11
What is the highest common divisor of 1503352 and 2260?
452
What is the greatest common factor of 11438818 and 667?
29
Calculate the greatest common factor of 342 and 1669896.
18
What is the highest common factor of 6260 and 1974940?
20
Calculate the greatest common divisor of 1877240 and 65888.
568
Calculate the greatest common factor of 364 and 82105912.
28
Calculate the greatest common factor of 2796535726 and 1198.
1198
Calculate the highest common divisor of 1724983 and 11962604.
10207
Calculate the greatest common divisor of 9375470 and 2410.
10
What is the highest common factor of 189277898 and 68?
34
What is the highest common factor of 100672 and 1813669?
1573
Calculate the greatest common divisor of 8602 and 608212.
506
What is the highest common divisor of 1 and 17852763?
1
What is the greatest common divisor of 157465 and 30080314?
4499
Calculate the greatest common divisor of 8556 and 1341804.
372
What is the greatest common factor of 1853 and 68779?
109
What is the greatest common divisor of 253088 and 2474798?
1438
What is the highest common divisor of 9408019 and 1046412?
9689
What is the greatest common divisor of 1776699 and 3051?
1017
Calculate the greatest common factor of 4818 and 831762.
438
Calculate the highest common divisor of 105105 and 1288014.
1911
Calculate the highest common factor of 28737771 and 2013.
183
What is the highest common divisor of 38898517 and 49?
7
Calculate the highest common divisor of 558298 and 1379.
197
Calculate the highest common factor of 32026 and 194434.
134
What is the greatest common factor of 16091598 and 246?
246
Calculate the highest common divisor of 105 and 5133597.
21
What is the highest common divisor of 20224 and 24064?
256
Calculate the greatest common factor of 3442640 and 30.
10
What is the highest common factor of 1365 and 91534716?
273
What is the highest common divisor of 451995124 and 84?
28
Calculate the highest common divisor of 12188 and 93236.
44
What is the greatest common divisor of 474215598 and 58?
58
Calculate the greatest common factor of 4003851 and 4332.
1083
What is the highest common divisor of 25 and 261085?
5
Calculate the highest common factor of 2382 and 5244.
6
What is the highest common divisor of 659 and 4299333793?
659
Calculate the highest common factor of 639561820 and 61.
61
Calculate the greatest common factor of 67 and 50506141.
67
What is the highest common factor of 1110 and 33597260?
10
What is the greatest common factor of 1689 and 1144889776?
563
Calculate the greatest common divisor of 22590623 and 1334.
667
What is the highest common factor of 21390 and 996960?
930
What is the greatest common divisor of 7392508 and 8060?
124
What is the highest common divisor of 253431 and 5013?
9
Calculate the greatest common factor of 863 and 228258322.
863
Calculate the greatest common factor of 4976 and 2544.
16
What is the highest common divisor of 70511878 and 1052?
526
Calculate the highest common factor of 92 and 354119086.
46
Calculate the highest common divisor of 185346 and 7098.
42
What is the highest common factor of 13806 and 43790331?
2301
What is the greatest common factor of 5077905 and 3345?
15
Calculate the greatest common divisor of 14 and 5617087.
7
What is the greatest common factor of 14 and 